t i(v) = 3*v**3 - 5*v**2 + 7*v - 6. Let o(d) = d**3 - d**2 + d - 1. Let s(p) = i(p) - 5*o(p). Determine s(w).
11
Let b(c) = -c**3 - 5*c**2 + 6*c + 8. Suppose -u - 5 + 9 = 0. Suppose 3*v - 25 = u*v. Let a = v + 19. Determine b(a).
8
Let l(n) be the second derivative of -n**4/12 + 5*n**3/2 - 17*n**2/2 - 8*n. Let q(j) = j**2 - 14*j + 16. Let r(o) = 2*l(o) + 3*q(o). Calculate r(10).
-6
Let d(g) be the second derivative of g**7/840 + g**6/90 + g**4/12 - 7*g**3/3 + 8*g. Let c(s) be the second derivative of d(s). Determine c(-3).
11
Let i(a) = -4*a**2 - a**3 + 6*a + 6*a**2 - 7*a. Suppose -4*v = -3*w + 1 - 7, -w - 13 = -5*v. Give i(w).
-2
Let s(o) be the first derivative of 1 - 1/2*o**2 + 1/3*o**3 - 2*o. What is s(-2)?
4
Let m(c) = -22*c. Suppose 5*w + 13*h - 14 = 14*h, 0 = -w - 4*h - 14. Calculate m(w).
-44
Let p(g) = g**2 - 6*g + 8. Let k be p(5). Suppose k*v - 4*d = -2*v + 24, -13 = -2*v + 5*d. Let o(y) = 0*y + 6*y - y**3 - 5 + 1 + 2 + 3*y**2. Give o(v).
6
Let d = -311 - -308. Let q(v) = 3*v**2 + 3*v - 4. Calculate q(d).
14
Let o(z) be the second derivative of -z**5/20 + z**4/6 + 5*z**3/6 + 3*z**2 - 6*z. What is o(3)?
12
Let l = 24 - 39. Let c = 3 + l. Let y be (-9)/(27/c) - 4. Let r(k) = k**2 + k + 10. What is r(y)?
10
Let z(l) = 46*l + 47*l - 3 - 85*l - l**2. Determine z(4).
13
Let c(d) = d**3 - 6*d**2 + 5*d - 5. Let u(i) = 5*i + 2. Let v be u(-1). Let f be (-3 - v) + 3 - (-6)/3. Calculate c(f).
-5
Let x(l) = -197 + 2*l + 188 + 0*l. Give x(0).
-9
Let f(b) be the second derivative of 17*b + 1/20*b**5 + 0*b**3 - 1/4*b**4 + 0 + b**2. Calculate f(4).
18
Suppose -5*k + 46 - 154 = 3*t, 41 = -2*k + t. Let m be 6/(54/k)*(-3 - 0). Let j(z) = z**2 - 6*z - 8. Give j(m).
-1
Let g(q) = 4*q - 2 - 7*q - 12*q. Give g(2).
-32
Suppose 0 = 3*t + 4*w - 9 - 9, 5*t + w = 13. Suppose -y - 15 = -6*y, 0 = -3*o + t*y - 6. Let l(f) = -4 + o*f**2 + 6*f - f**2 + 0*f**2. Give l(4).
4
Let t(i) = 1 - 21*i**2 + 25*i**2 + 11*i - 2*i**3 - 6 + 3*i**3 - 17*i**2. Calculate t(12).
-17
Let f(o) = -8 + o + 0*o - o**2 + 1. Let w be 1/1 - (-5)/(-5). Let h be ((w/(-3))/4)/(-2). Calculate f(h).
-7
Let f be (4/12)/(-2 + 20/12). Let j(b) = 20*b**2 + 3*b + 1. Let q(o) = -20*o**2 - 2*o - 1. Let r(p) = -2*j(p) - 3*q(p). What is r(f)?
21
Let q(z) = -z + 2. Let x(v) = 3*v**2 + 4. Let d(b) = -2*q(b) + x(b). Let w be (-28)/12 + 2/6. Calculate d(w).
8
Let y(h) = -h**3 + 11*h**2 - 19*h + 95. Let m be y(10). Let q(u) = u + 4. What is q(m)?
9
Let x(l) be the first derivative of l**3/3 - 20*l + 35. Suppose 4*s + c = 2*s - 4, 4*s + 12 = -3*c. Calculate x(s).
-20
Let z(p) = -3*p + 7 - 5 + 2. Suppose -93*y = -102*y + 27. Give z(y).
-5
Let n(i) = -i**2 - 7*i - 3. Let g be n(-6). Suppose g*t + 4*u = -0*u - 20, 2*t + u + 10 = 0. Let f(w) = w - 1. What is f(t)?
-5
Let h(w) = -12*w + 16*w - 7*w. Let u(b) = b + 12. Let l(s) = 1. Let c(y) = -4*l(y) + u(y). Let z be c(-5). Determine h(z).
-9
Suppose a = 3*a - 4. Let w(q) = 5*q**2 + 12*q - 17. Let c(m) = -m**2 - 3*m + 4. Let h be (-2)/(-4)*(5 - 1). Let z(g) = h*w(g) + 9*c(g). Determine z(a).
0
Suppose -3*y + 0*y = -9. Suppose 0 = 5*z - y*z. Suppose z = -2*a - 3*a - 2*p - 40, -4*a = p + 29. Let l(k) = -2*k - 7. Calculate l(a).
5
Let d(i) = -3*i**2 - 14 - 7*i**2 + 2*i + 3*i**3 - i**2 + 0*i**3 - 2*i**3. Calculate d(11).
8
Let r(d) be the third derivative of d**4/12 - 2*d**3/3 + 12*d**2. Let m = -4 + 19. Suppose -5 = 2*o - 2*a - a, -3*a + m = 0. Calculate r(o).
6
Suppose 72 = 25*d - 34*d. Let p(v) be the third derivative of -v**5/60 - 3*v**4/8 - 2*v**3 + v**2. Calculate p(d).
-4
Suppose 0 = 9*k - k. Let y(i) = 3*i - 5. What is y(k)?
-5
Let h(b) = b**3 - 2*b**2 + 11*b - 8. Let y be h(1). Let g(s) = s**3 - 3*s**2 + 2*s - 1. What is g(y)?
-1
Let o(v) = 15*v + 5. Suppose 2*t = 8, -5*f - 7*t + 2*t + 15 = 0. Give o(f).
-10
Let p = -7 - -2. Let x(b) be the first derivative of -b**3/3 - 5*b**2/2 - b + 3. Let l be x(p). Let a(d) = -6*d**3 - d**2 - 2*d - 1. What is a(l)?
6
Suppose n + 6 - 8 = 0. Let q(l) = -l**3 - 5*l - 66*l**2 - 6 + 73*l**n + 14*l. Determine q(8).
2
Suppose 0 = i + 4*q + 7, -2*i + 2*q = 3*q. Let d(j) = 6*j**3 + 13*j**2 - 7*j**2 - 5*j**2 - 1. Let s be d(i). Let p(f) = 2*f - 5. Determine p(s).
7
Let x(d) be the third derivative of d**4/24 - 3*d**3/2 + 171*d**2. Determine x(11).
2
Suppose -19*n = -16*n - 21. Let p(j) = 10 + 8*j**2 - 2*j**3 - 8*j + 7*j**3 - 6*j**3. Calculate p(n).
3
Let d(j) = -5*j + 3. Let s(x) = -2. Let v(q) = d(q) + 2*s(q). Calculate v(-4).
19
Suppose -5*d + 9 = -21. Suppose -3*x - 2*o = -d*o - 23, -4*o = -4. Suppose -2*v - 3 + x = 0. Let l(n) = n**2 - n - 4. Determine l(v).
2
Let p(a) = 2*a**3 + 3*a**2. Let u be p(-2). Let d(o) = -4 + o**3 + 5 + 0 + 5*o**2 + 4 + 6*o. Calculate d(u).
-3
Let b be 2/10 - 24/(-5). Suppose -4*u + 4*p + 8 = 0, 5*p + 15 = b. Let v(j) = u*j**3 - 5*j**3 + 2*j**2 + 4*j**3 + 4*j + 2. What is v(-2)?
10
Let q(o) be the second derivative of o**6/120 - o**5/12 - o**4/8 + o**3/3 - 13*o**2 - 2*o. Let u(h) be the first derivative of q(h). Calculate u(5).
-13
Let n(c) = c + 19 - 26 + 18. Determine n(-13).
-2
Let z(r) = 269*r - 134*r - 134*r + 3. What is z(-9)?
-6
Suppose 0*s - 9 = -3*s. Let v(q) = q**2 - 5*q + q**2 + 7*q + 3*q**2 + q**s. Let b = 2 - 5. Calculate v(b).
12
Let p(k) = 2*k**2 - k - 4. Let z be -2 + (-1014)/24 + (-1)/(-4). Let j = -47 - z. Calculate p(j).
17
Let q(u) = -13*u + 3. Let f(t) = -6*t + 4. Let v(y) = 12*y - 7. Let r(j) = 5*f(j) + 3*v(j). Let b(h) = -3*q(h) - 7*r(h). Calculate b(3).
-11
Let j(k) = k + 1. Let l(m) = -7*m - 7. Let x(w) = 6*j(w) + l(w). Let s(r) = 2*r + 2. Let u be (4 + -3)/(1/(-3)). Let a(q) = u*s(q) - 5*x(q). Determine a(2).
-3
Let s(x) = 4*x - 1. Suppose -12 = -i - 4*n, 3*n - 2 = -3*i + 8*n. Suppose i*o = -2*o + 12. Determine s(o).
7
Let t(l) = -7 - 4 - 3*l + 4 + 2*l. Determine t(-9).
2
Let y(w) = w**2 + 6*w - 18. Let m be y(5). Suppose -s = 5*a - 15, -5*s = a - 4*a + m. Let h(n) = -2 - 1 + 2*n - 3. Give h(a).
2
Let r = 37 - 32. Suppose -3*x - 2*k = -7, -x = 4*x + 5*k - r. Let p(d) be the third derivative of d**4/24 + 2*d**2. Calculate p(x).
5
Let t(k) = -k**3 + 7*k**2 + 6*k + 12. Let o be t(8). Let x be 14/28*0*(-2)/o. Let f(g) = -1 - g - 1 + 0*g. Determine f(x).
-2
Let r = 110 - -1. Let v(z) = 0*z + r - 117 + z. Give v(0).
-6
Let c(m) be the first derivative of m**4/4 + 10*m**3/3 - m**2/2 - 4*m + 34. What is c(-10)?
6
Suppose 4*g + 12 = 8*g. Let z be (7 - g)/(-4 - -2) + 4. Let f(m) = m**3 - 3*m**2 - m + 5. Let b(j) = -j**2 + 1. Let y(r) = 3*b(r) - f(r). What is y(z)?
-8
Let i = 72 + -71. Let d(v) = 0*v**3 + i - 5*v**3 + 0*v**2 - 2*v**3 - v**2 - v. Give d(1).
-8
Let p = 456 + -464. Let g(m) = 2*m - 10. Let j(b) = -1. Let z(i) = g(i) - 8*j(i). Calculate z(p).
-18
Let i = -7 + 13. Let z(p) be the first derivative of -3*p**2/2 + p + 49. Calculate z(i).
-17
Let x = -4 + 8. Let q be (-21)/(-9) + (-2)/6. Let c(w) = -2*w - q + 4 + 3. Give c(x).
-3
Let p(i) = -54*i + 1 - 5 + 43*i. Let l(a) = a + 1. Let s(q) = 5*l(q) + p(q). What is s(2)?
-11
Let v(m) = -m**2 - 17*m - 27. Let d(x) = -x**3 - 10*x**2 - 6*x + 12. Let b be d(-9). Calculate v(b).
3
Let o(m) = 2*m**3 + 27*m**2 + 11*m - 18. Let y = 421 - 434. Determine o(y).
8
Suppose -2*y + 7 = -y. Let m = y + -12. Let f(z) be the second derivative of -z**3/3 - 7*z**2/2 - 68*z. What is f(m)?
3
Let p(t) = -2*t**2 + 36*t + 19. Let f be p(17). Let c(i) = -26*i**3 - 2 - 28*i**3 + 2*i**2 + 4*i + f*i**3. What is c(3)?
1
Let k = 8 + -3. Let n(l) = l**2 + 2*l + 3. Give n(k).
38
Let u(l) be the first derivative of l**4/4 - 5*l**3/3 + l**2/2 - 11*l - 94. Calculate u(5).
-6
Let i(l) = -l**3 + 0*l**2 - 7 + 3 + 8*l + 7*l**2 + 14. Give i(8).
10
Let b(g) = 7*g - 7 + 11*g - 20*g + g + 3*g. Give b(-5).
-17
Let u(z) = 14*z - 41*z + 14*z + 1 - 2 + 9*z. Calculate u(3).
-13
Let l be (-5 - 1/(-1)) + -14 + -5. Let d(v) = -3*v - 71. Give d(l).
-2
Let j(h) = -h**3 - 4*h**2 + h - 2. Suppose -8 + 20 = 2*r. Let s be 2/(-4) - 8*9/144. Let o be (-3 + r + 1)*s. What is j(o)?
-6
Suppose -18 = -5*j - 3*s, -3*j + 7*j = -s + 20. Let n(f) be the second derivative of 1/3*f**3 - 1/2*f**2 + 0 - 12*f. What is n(j)?
11
Let x(n) = 4*n + 16. Let l be 26/(-7) + 180/(-630). What is x(l)?
0
Let p(m) = -m - 9. Let x = -416 + 411. Determine p(x).
-4
Let l(i) = i**3 + 7*i**2 - 8*i + 4. Let v be 70/(